4*p - 47 - 1. What is the greatest common divisor of 96 and p?
12
Let d(g) = -g**2 + 10*g - 6. Let t be d(3). What is the highest common divisor of t and 6?
3
Let h be (7/(-2))/((-5)/(-70)). Let k = h - -84. What is the highest common factor of 5 and k?
5
Suppose 0 = k + 3, -5*p + k + 150 = -4*k. Calculate the highest common divisor of 108 and p.
27
Suppose -5*p + 128 = 43. Let v(t) = t**3 - 6*t**2 - 4*t + 3. Let o be v(7). Let d be (-2 - -84) + o/8. Calculate the greatest common factor of d and p.
17
Let c be ((-4)/6)/((-2)/(-72)*-1). Calculate the greatest common factor of c and 6.
6
Suppose -3*w - f - 57 = -7*w, -w - 5*f = -30. What is the greatest common divisor of w and 10?
5
Let p be (27/(-15))/((-6)/90). What is the greatest common divisor of p and 243?
27
Let h(w) = -w**2 + 6*w - 6. Let y be h(5). Let f be -76*y/(-6)*3. Let l be -2 - 0 - f/1. Calculate the highest common factor of 24 and l.
12
Suppose 5*g + 0*g = 2*t - 110, 3*t = 2*g + 176. What is the greatest common factor of 20 and t?
20
Let b(s) = 3*s - 17. Let t be b(9). What is the greatest common divisor of t and 30?
10
Let k be (0 + -2 - -1)*-22. Suppose -k = 5*t - 247. What is the greatest common divisor of t and 18?
9
Suppose 3*t = -j + 79, 3*j + 2*j - t - 347 = 0. Suppose 0 = 5*n - 72 + 2. Calculate the highest common divisor of j and n.
14
Let m = 21 + -18. Calculate the highest common factor of 3 and m.
3
Let l(x) = 2*x**2 - 5*x + 2. Suppose 3*i + 3 = -i - 3*c, 5*i = -3*c - 6. Let g = i - -6. Let v be l(g). What is the highest common divisor of 40 and v?
5
Let z be 4/12*(-4 - -22). Suppose -z*w - 12 + 168 = 0. What is the highest common factor of 208 and w?
26
Let x be ((-4)/6)/(1/(-18)). Suppose -2*j - 2*n - 53 = -n, 4*j - 3*n = -131. Let z = -17 - j. What is the highest common factor of x and z?
12
Let x(s) = s**2 + 11*s + 39. Let c be x(-13). Suppose -4*y - 5*l + 84 = 0, 2*l + 2*l + 42 = y. Calculate the greatest common divisor of y and c.
13
Let p(n) = -2*n + 4. Let u be p(9). Let m be u/(-4)*48/8. What is the greatest common factor of m and 147?
21
Let m = -5 - -8. Suppose -m*o - 1 = -7. Suppose 0 = 4*f + c - 87, -3*f + 4*c + 48 = -f. What is the highest common factor of o and f?
2
Let p be (-1)/1 + (1 - -7). Let r(m) = -m**2 + 6*m + 9. Let z be r(p). Calculate the greatest common factor of z and 18.
2
Suppose c - 3*y - 166 = 0, 144 = 3*c + 3*y - 306. What is the highest common factor of 14 and c?
14
Let y(a) be the third derivative of a**4/12 - a**3 + 3*a**2. Let f be y(8). Calculate the highest common factor of 25 and f.
5
Let g(h) = h**2 - 5*h. Let c be g(-4). Let o = 18 - 14. Calculate the highest common divisor of o and c.
4
Suppose 0 = -t + p + 149, 0*p = -2*t - 4*p + 286. Calculate the greatest common factor of t and 21.
21
Let h = 0 + 0. Suppose -8*d + 304 + 16 = 0. Suppose -12 = -m - h*z - 2*z, 4*z - d = -4*m. What is the greatest common factor of 80 and m?
8
Suppose 2*z - 4*z + 256 = 0. Let j be 18/(-24) - (-67)/4. What is the highest common divisor of z and j?
16
Suppose 0 = 4*s + 2*s - 30. Calculate the greatest common factor of 5 and s.
5
Suppose 6*d = d + 385. Let k = -69 + 80. Calculate the highest common factor of d and k.
11
Let c be 0*(2 + 5/(-3)). Suppose -3*b = 5*a - 152, 4*b + c*b + 4*a = 192. What is the highest common factor of b and 11?
11
Suppose -16 = -4*w - 0*w, 5284 = 3*s + w. Suppose -s = -4*x - x. What is the highest common factor of 32 and x?
32
Suppose -7*l = -6*l - 26. Calculate the highest common divisor of l and 26.
26
Suppose 0 = -4*x + 7*x - 30. Let k(p) = -p**2 + 10*p - 4. Let d be k(6). Calculate the greatest common factor of d and x.
10
Suppose -162 = -34*d + 32*d. Calculate the highest common divisor of 9 and d.
9
Let o = 11 - 7. Suppose 12 = o*q - 12. Suppose -p = -y + q, 3*y + 0*p - 18 = -p. What is the highest common factor of y and 24?
6
Let f = -46 - -46. Let q = -5 + 8. Let i be (f + q + -5)/(-2). What is the highest common divisor of 1 and i?
1
Let n(s) = 2*s**2 - 9*s + 5. Let r be n(6). Suppose 0 = 5*p - 93*d + 92*d - 118, -3*p - 4*d = -57. Calculate the greatest common divisor of p and r.
23
Suppose 2*k - 4 = 6. Suppose 0 = -3*d - 2 + k. Let i = 7 - d. Calculate the highest common divisor of i and 54.
6
Let h = 16 + -1. What is the highest common factor of h and 135?
15
Suppose l = 5*p + 301, 391 = l - 3*p + 92. What is the greatest common factor of l and 37?
37
Let d(k) = 5*k**2 - 1 + 2*k + 2*k - 6*k. Let x be d(-3). Let j = -209 + 219. What is the highest common factor of x and j?
10
Suppose k - 8 = 55. Calculate the greatest common factor of k and 7.
7
Let z(q) = q**3 + 5*q**2 + 3*q. Let u be z(-3). What is the greatest common divisor of 18 and u?
9
Suppose l - 5*f + f - 11 = 0, -4*l + 4*f = -32. Suppose -g + l = -92. Calculate the greatest common factor of g and 9.
9
Suppose -o - 56 = -5*o + 3*m, o + 3*m = -1. Let a be -2 + 8 + 0 + -2. Suppose a*f - 422 = -26. What is the greatest common factor of f and o?
11
Suppose 11 - 1 = -2*d. Let f be d*1*(-7)/5. Calculate the highest common factor of f and 70.
7
Let s(h) = -h**3 - 7*h**2 - h - 2. Let j be s(-6). Let t = 2 - j. Let o = 48 - t. Calculate the greatest common divisor of o and 70.
14
Let p be 3/(-3 + (-54)/(-15)). Suppose -p*m = -24 - 26. Calculate the highest common divisor of 30 and m.
10
Let v = 28 - 20. Calculate the highest common divisor of v and 28.
4
Let x(d) = -11*d. Let o be x(-5). What is the greatest common factor of 11 and o?
11
Let c = 155 - 92. Let m(h) = h**2 - 43. Let t be m(-8). Calculate the greatest common factor of c and t.
21
Let q be ((-48)/14)/((-53)/1484). Let m(h) = h**2 + 2*h + 4. Let p be m(-4). Calculate the highest common factor of p and q.
12
Let k = 14 + 4. Let t = k + -11. Let h be (-6)/2*35/(-3). Calculate the greatest common divisor of h and t.
7
Let k = -16 - -34. Calculate the highest common factor of 126 and k.
18
Let s(f) = -f**2 + 8*f + 6. Let k be s(8). Suppose 0*r = -3*r + 36. What is the highest common divisor of r and k?
6
Suppose 5*m = -3*y + 279, -3*m + 285 = -0*y + 3*y. What is the highest common factor of 14 and y?
14
Suppose -2*c - 3*c + 70 = 0. What is the greatest common divisor of c and 7?
7
Let g be -1 - (1 + (-6)/1). Suppose -g*f + 7 = -5. Suppose 8*p - 60 = f*p. What is the highest common factor of p and 4?
4
Let p = 2 - -25. What is the greatest common divisor of p and 297?
27
Let t be 1/5 - (-2396)/20. Suppose -5*c = 4*i - 30 - 15, -2*i = -4*c - 42. What is the greatest common factor of t and i?
15
Suppose -4*g + m = -47, 43 = 4*g - m - 4*m. Calculate the greatest common factor of g and 132.
12
Let d(j) = 5*j - 3. Let q = -61 + 28. Let v(p) = -81*p + 48. Let u(y) = q*d(y) - 2*v(y). Let h be u(-7). What is the highest common divisor of 8 and h?
8
Let u be (-3 - 40/(-12))/(1/3). Calculate the greatest common divisor of 1 and u.
1
Suppose 12 = -4*o - 5*g, -2*o = o - 2*g - 14. Suppose o*d - 68 = 20. What is the greatest common factor of d and 11?
11
Let u be 150/35 + 2/(-7). Suppose 0*f - 38 = -n + f, u*n - 3*f - 150 = 0. Calculate the highest common divisor of n and 12.
12
Suppose -2*p - 2*p = -12. Let b(g) = -g**3 + 2*g**2 + 2*g - 3. Let y be b(p). Let d be (-208)/y*9/6. Calculate the highest common factor of d and 13.
13
Let i = 0 - -4. Calculate the highest common divisor of i and 32.
4
Suppose 5*k - 5*a + 14 = 154, -3*a = -5*k + 138. Let z = -18 + k. Calculate the highest common factor of z and 45.
9
Let o(b) = -2*b - 3. Let k be o(-3). Suppose -40 = -g - k*g. Calculate the highest common divisor of 90 and g.
10
Suppose 4*o = -5*m - 2, 2*m + 4*o - 2 = o. Let a be 2/4 - (-33)/m. Let s be (-45)/(-6)*a/(-6). Calculate the greatest common divisor of s and 100.
20
Suppose -3*w - 4 - 2 = 0. Let p be -3*((-32)/(-6))/w. Let l be 5*(-4)/(-10)*-1 - -3. Calculate the highest common factor of l and p.
1
Suppose 16 - 44 = -4*y. Suppose 0*v + 3*v = -375. Let m = -69 - v. Calculate the greatest common divisor of y and m.
7
Suppose 0 = x + x - 38. Let i(j) = j**3 + 7*j**2 - 30*j - 5. Let b be i(-8). Calculate the highest common factor of x and b.
19
Let w = -3 - -7. Suppose j + 60 = w*j. Let s be ((-2)/(-4))/((-6)/(-120)). What is the greatest common divisor of s and j?
10
Suppose -w = -2*w. Suppose w = 3*p - 2*p. Le